+ 2106. What is the units digit of s?
1
Let w = 752 + -729. Suppose w*i - 12*i - 13101 = 0. What is the thousands digit of i?
1
Let p be ((-4)/(-12))/((-3)/801). Let f = 181 + p. Suppose -5*h - 4 - 6 = 0, h = o - f. What is the tens digit of o?
9
Let p be (191 - 2)*(-27 + 24). What is the tens digit of (834/(-9))/(42/p)?
5
Let h(b) = -b**3 + 15*b**2 - 15*b + 19. Let n be h(14). Suppose -5*t + n*r = 60, -t - r = 3*t + 33. Let u(k) = -11*k + 12. What is the units digit of u(t)?
1
Let y(s) = -5*s + 10. Let l be y(1). Suppose l*z + 10 = 0, -2*u + 3*z - 2*z = -3406. What is the hundreds digit of u?
7
Suppose -4*u + 4*n = 8, -4*u + 6*u + 5*n + 4 = 0. Let f(j) = -j**3 + 2*j**2 + 5*j - 3. Let d be f(3). What is the hundreds digit of 224 + (-8)/6*d/u?
2
Let y(r) = -14*r - 44. Let h be y(-5). Suppose h*i - 41*i + 9435 = 0. What is the hundreds digit of i?
6
Let a(c) = 105*c + 14. Let b(q) = 208*q + 30. Let s(k) = -13*a(k) + 6*b(k). What is the tens digit of s(-2)?
3
Let u = -11065 + 38159. Suppose 13*y - u = -18*y. What is the hundreds digit of y?
8
Let v be (2/(-4))/((-6808)/(-3408) + -2). Suppose -432 = 5*l + v. Let t = l + 182. What is the units digit of t?
3
Suppose 62561 + 187577 = 94*z - 60*z. What is the units digit of z?
7
Let b = 8486 - 5844. Let s = -1435 + b. What is the tens digit of s?
0
Let f(w) = w**3 - 14*w**2 + w - 13. Let h be f(14). Let p(c) = c**2 - c. Let y be p(h). Suppose y = -n + 357 - 72. What is the tens digit of n?
8
Let j(h) = 1028*h**2 + 165*h + 492. What is the thousands digit of j(-3)?
9
Let r(u) = -3*u**2 - 37*u - 26. Let l be r(-12). Suppose 4*d = -d + 4*s + 110, 4*s = 4*d - 92. Let j = l + d. What is the units digit of j?
4
Suppose -9 = 3*k, 0 = -0*x - x + 4*k + 148. Let m = -386 + 319. Let o = x + m. What is the units digit of o?
9
Let c(t) = 9430*t**3 + 2*t**2 - 22*t + 20. What is the thousands digit of c(1)?
9
Let t(k) = -k**2 - 2*k + 3. Let v be t(-4). Let x(o) = 6*o - 15. Let a be x(v). Let n = a + 54. What is the units digit of n?
9
Suppose 3*c - 2*n = -697, 2*c - 5*c - 707 = -4*n. Let y = -68 - c. What is the units digit of y?
1
Let n = 2165 - 1308. Suppose b + 3*g - 165 = g, 2*g - n = -5*b. What is the hundreds digit of b?
1
Suppose y + 8*y = 756. Let f = y - 80. Suppose 3*m + 81 = w + 7*m, 2*w - 158 = -f*m. What is the units digit of w?
7
Let c(u) = 1. Let h(i) = 5*i**2 + 1. Let p(j) = 3*c(j) + h(j). Suppose 3*k = -t - 9, -2*k + 0*k + 4*t - 20 = 0. What is the tens digit of p(k)?
8
What is the hundreds digit of ((-15)/(-5) - 4)*1*(6 + -785)?
7
Suppose -2*u + 0*u + 6 = 0. Suppose -7*r = -u*r. Suppose r = 5*n - 3*s - 2*s - 515, s - 417 = -4*n. What is the hundreds digit of n?
1
Let x = 3872 + -3425. What is the units digit of x?
7
Let n be (-4)/6 + (-64)/(-6). Suppose 4*t - 2*t = -t. Suppose 5*l - n*l + 130 = t. What is the units digit of l?
6
Let g(r) = -651*r - 6537. What is the hundreds digit of g(-27)?
0
Let l = 55037 - 10413. What is the thousands digit of l?
4
Let t = 772 + -2674. Let w = t - -2812. What is the tens digit of w/20 + 3/(-2)?
4
Let m = 183 + -266. Let k = -206 - -104. Let b = m - k. What is the units digit of b?
9
Let p(n) = -837*n - 4010. What is the tens digit of p(-12)?
3
Suppose -67*r = -77*r - 390. Let z(s) = -20*s - 111. What is the units digit of z(r)?
9
Suppose 2*j - 3*u = 20885, 37257 = 3*j - 5*u + 5925. What is the thousands digit of j?
0
Let h(i) = 99*i**2 - 53*i + 435. What is the tens digit of h(9)?
7
Let b be (-13 - -8)/(2/(-18)). Let q be (-332)/3*(b/(-10) - -3). Suppose 2*u = 4*y - q, -2*y - y - 3*u + 120 = 0. What is the tens digit of y?
4
Let f(t) = -t**3 + 19*t**2 - 34*t + 4. Let c be f(17). Suppose 2*b - 22 = -3*b - 4*p, -c*p = -5*b + 38. What is the units digit of (3/4)/(b/428)*4?
4
Let v(d) = -24 - 24 - 25 + 47*d**2 - 18 + 29*d + 81. What is the units digit of v(6)?
6
Let p(x) = 7*x**2 + 24*x + 28. What is the thousands digit of p(31)?
7
Suppose 5*u - 3*x = 1, u - 4*u + 4*x = -5. Let f be (u - 3/(-6))/((-2)/12). Suppose -f*i - 435 = -6*i. What is the hundreds digit of i?
1
Let i(z) = z**3 - 7*z - 1. Let t be i(3). Suppose -2*o = -4*w - 176, 4*w + t = -7. What is the units digit of o?
2
Let p = -63 - -91. Suppose 32*m + 168 = p*m. What is the units digit of (-2)/3 - 5/(45/m)?
4
Suppose 0 = -2*n - 3 + 7. Suppose -h = 3*p - 58, n*h - p - 85 = 17. Let f = h + -45. What is the units digit of f?
7
Suppose 4*u - 17 - 11 = 4*l, 2*l - 16 = -u. What is the hundreds digit of u + -14 + (-739)/(-1)?
7
Let y(k) = 104*k**2 - 4 + 5*k - 5 - 102*k**2. What is the units digit of y(-4)?
3
Let x(d) = 2*d**3 + 31*d**2 + 14*d - 99. What is the hundreds digit of x(13)?
7
Let m = 35 + -30. Suppose 2*u = -8*y + 11*y - 895, -3*u - 1492 = -m*y. What is the hundreds digit of y?
2
What is the tens digit of (-161)/(-46) - 150*273/(-12)?
1
Let x be 28/(-7)*((-8)/2 + -1). Suppose -4*v = v - x. Suppose -v*r + 144 + 160 = 0. What is the units digit of r?
6
Suppose -106 = -4*x + 26. Suppose 3*i - 53 = 2*f + 2*f, -39 = 3*f - 2*i. Let n = f + x. What is the tens digit of n?
2
Let c = 424 - 236. Suppose j = -0*r + 3*r + 91, 2*j - 3*r = c. What is the tens digit of j?
9
What is the tens digit of ((8352/(-28))/((-207)/276))/((-1)/(-28))?
3
What is the hundreds digit of 1674567/36 + 57/228?
5
Suppose 4*t - 31 = -3. Let l be (-10116)/(-63) + 3/t. Suppose -166*n + 625 = -l*n. What is the units digit of n?
5
Let d be (0 - 10697)*2*(-4)/8. Suppose -d = -7*n - 2416. What is the hundreds digit of n?
1
Let h be ((-122)/6)/((-2)/18). Let q = 318 - h. Suppose -4*j + q + 101 = 0. What is the units digit of j?
9
Let d(u) = 23510*u**2 + 213*u - 1. What is the hundreds digit of d(1)?
7
What is the units digit of 320*465/(5 + 0)?
0
Suppose -4*p + 4*o = -84, -5*p + 0*p + 105 = 4*o. Let y = 41 - 48. Let m = y + p. What is the units digit of m?
4
Suppose 35*y = 26*y + 74304. What is the units digit of y?
6
Suppose -146888 + 453924 = 4*s + 3*d, -2*s + 3*d + 153518 = 0. What is the ten thousands digit of s?
7
What is the thousands digit of ((-6)/12)/((-4312903)/(-862582) - 5)?
1
What is the units digit of (228/(-190))/(4/(-30670))?
1
Let u = -41 + 46. Suppose u*a = 20, -3*n + 0*a = -2*a - 13. Suppose 273 = 5*h - 4*y, 0 = -5*y - 3 - n. What is the units digit of h?
3
Let n = -285 + 265. Let v(b) = 2*b**2 + 20*b + 26. What is the hundreds digit of v(n)?
4
Let c be 1/(-2)*12 - -118. Let b = 344 - c. What is the hundreds digit of b?
2
Let j(d) = 15*d - 250. Let g be j(49). Let w = 37 + g. What is the hundreds digit of w?
5
Let k(l) = 8*l + 123. Let p be k(-14). What is the units digit of p/55 - (-3108)/10?
1
Let q(p) = 121*p**2 + 17*p - 9. Let f be q(4). Suppose -f = -13*v - 513. What is the hundreds digit of v?
1
Suppose 106 + 26 = 3*p. Let d = p - 42. What is the tens digit of ((64/20)/4)/(d/220)?
8
Let y(w) = -w**2 - w. Let n(f) = -f**3 - 20*f**2 - 23*f - 3. Let r(h) = -n(h) + 5*y(h). Let j = -6 + -6. What is the hundreds digit of r(j)?
2
Let s(c) be the second derivative of -5/3*c**3 + 1/4*c**4 + 9/2*c**2 + 8*c + 0. What is the tens digit of s(7)?
8
What is the thousands digit of (-9)/((3 - 2)*(22/1354)/(-11))?
6
Suppose 7741*k + 49599 = 7744*k. What is the units digit of k?
3
Let y = -351 - -168. Let f(m) = 147*m + 1843. Let s be f(-13). Let h = s - y. What is the tens digit of h?
1
Let y(d) = -166*d + 170. Let a be y(10). Let l = -663 - a. What is the tens digit of l?
2
Let m(c) = 2*c**2 - 20*c + 27. Let p be m(9). Suppose p*a + 11*a = 18280. What is the hundreds digit of a?
9
Suppose -2*f - 5*r - 242 = 0, r - 6*r - 10 = 0. Let t = -113 - f. Suppose -4*l + 53 = 2*m + 21, 0 = -m + t*l + 6. What is the units digit of m?
2
Let b(u) = -6*u**3 + 4*u + 146. What is the units digit of b(-14)?
4
What is the units digit of ((-33)/132)/(6/(-16)) - (-25664)/6?
8
Let y(j) = -5231*j + 485. What is the hundreds digit of y(-2)?
9
Suppose 3*g = 37 - 43. What is the tens digit of (464 - 1) + (-4 - g) + 5?
6
Suppose 31 - 1 = 6*f. Let r be ((-66)/f)/((-28)/210). Suppose -720 + r = -3*p. What is the tens digit of p?
0
Let x(l) = -l**2 - 8*l - 8. Let p be x(-8). Suppose 10*t - 54*t = 44. What is the hundreds digit of -38*((-28)/p)/t?
1
Suppose 0 = 5*s - q + 4, 4*q + 17 = -3*s + 33. Suppose 0 = -3*m - n - n + 3641, s = 5*m - 3*n - 6081. What is t